{"id":5701,"date":"2021-04-19T15:27:40","date_gmt":"2021-04-19T13:27:40","guid":{"rendered":"http:\/\/lazio.cultura.gov.it\/?page_id=5701"},"modified":"2022-05-16T14:27:06","modified_gmt":"2022-05-16T12:27:06","slug":"centro-storico-di-roma-le-proprieta-extraterritoriali-della-santa-sede-nella-citta-e-san-paolo-fuori-le-mura","status":"publish","type":"page","link":"https:\/\/lazio.cultura.gov.it\/?page_id=5701","title":{"rendered":"Centro storico di Roma, le propriet\u00e0 extraterritoriali della Santa Sede nella citt\u00e0 e San Paolo fuori le mura"},"content":{"rendered":"<p>&nbsp;<\/p>\n<p><strong><span style=\"font-size: 12pt;\">UNESCO:<\/span><\/strong><\/p>\n<p>Il Sito \u201c<strong><em>Centro Storico di Roma<\/em><\/strong>\u201d, compreso all\u2019interno delle Mura Aureliane, \u00e8 stato iscritto nella Lista del Patrimonio Mondiale dal Comitato del Patrimonio Mondiale UNESCO nella sessione svoltasi a <a href=\"http:\/\/lazio.cultura.gov.it\/wp-content\/uploads\/2022\/05\/roma-1.jpg\"><img loading=\"lazy\" decoding=\"async\" class=\"wp-image-7017 alignleft\" src=\"http:\/\/lazio.cultura.gov.it\/wp-content\/uploads\/2022\/05\/roma-1.jpg\" alt=\"\" width=\"268\" height=\"202\" \/><\/a>Parigi nel settembre 1980.<\/p>\n<p>Il 12 dicembre 1990, a Banff, Canada, il Comitato del Patrimonio Mondiale, con decisione 14 COM VII.B, ha approvato la proposta presentata congiuntamente dalla Santa Sede e dall\u2019Italia e relativa all\u2019inclusione dei beni extraterritoriali della Santa Sede e all\u2019estensione alle Mura di Urbano VIII (come raccomandato nel parere dell\u2019ICOMOS n. 91 bis del 1990). Per effetto di tale decisione il Sito \u00e8 divenuto transfrontaliero, in quanto di competenza dell\u2019Italia e della Santa Sede, ognuno secondo la propria giurisdizione, e ha assunto la denominazione di \u201c<em>Centro Storico di Roma, le propriet\u00e0 extraterritoriali della Santa Sede nella Citt\u00e0 e San Paolo fuori le Mura\u201d<\/em>.<\/p>\n<p>Le propriet\u00e0 extraterritoriali della Santa Sede sono esplicitamente elencate al\u2019interno della decisione:<\/p>\n<p>&#8211; Complesso di San Giovanni in Laterano (Basilica, Palazzo Apostolico Lateranense, edifici annessi,<\/p>\n<p>Scala Santa);<\/p>\n<p>&#8211; Complesso di Santa Maria Maggiore (Basilica, edifici annessi);<\/p>\n<p>&#8211; Palazzo di San Callisto, in Trastevere;<\/p>\n<p>&#8211; Palazzo della Cancelleria;<\/p>\n<p>&#8211; Palazzo di Propaganda Fide, in piazza di Spagna;<\/p>\n<p>&#8211; Palazzo Maffei (Palazzo della Pigna);<\/p>\n<p>&#8211; Palazzo del Santo Uffizio;<\/p>\n<p>&#8211; Palazzo dei Convertendi;<\/p>\n<p>&#8211; Palazzo detto dei Propilei;<\/p>\n<p>&#8211; Palazzo Pio;<\/p>\n<p>&#8211; Immobili sul Gianicolo;<\/p>\n<p>&#8211; Basilica di San Paolo fuori le Mura.<\/p>\n<p>&nbsp;<\/p>\n<p>Nel corso della sessione del Comitato per il Patrimonio Mondiale svoltasi a Doha, Qatar, nel 2014, con decisione 38 COM 8E \u00e8 stata approvata la proposta di aggiornamento della Dichiarazione di Valore Universale Eccezionale presentata congiuntamente al Centro per il Patrimonio Mondiale dall\u2019Osservatore Permanente della Santa Sede presso l\u2019UNESCO e dall\u2019Ambasciatore italiano presso l\u2019UNESCO.<\/p>\n<p>La superficie totale del Sito iscritto \u00e8 di 1.468,17 ettari, dei quali 1.430,8 relativi alla parte italiana (Centro Storico di Roma) e 38,9 di competenza della Santa Sede.<\/p>\n<p>Secondo le indicazioni delle <em>Operational Guidelines WHC 2015<\/em>, si rilevava l\u2019esigenza di procedere alla definizione di una Buffer Zone (zona tampone), in considerazione del costante sviluppo urbano della citt\u00e0 e della possibilit\u00e0 che questo metta a rischio l\u2019<strong>Eccezionale Valore Universale del Sito<\/strong>.<\/p>\n<p>Nel corso del 2019 sono stati ripresi i lavori di un tavolo tecnico costituito da tutte le Istituzioni interessate per la presentazione della proposta di istituzione di Buffer Zone presentata all\u2019inizio del 2020.<\/p>\n<p>Sono attualmente in corso i lavori per l\u2019<strong>aggiornamento del Piano di gestione del sito transfrontaliero<\/strong>.<\/p>\n<p>I criteri sulla base dei quali il sito transfrontaliero \u00e8 stato iscritto nella lista del Patrimonio mondiale sono i seguenti:<\/p>\n<p><strong>Criterio (i)<\/strong><\/p>\n<p><em>\u201crappresentano un capolavoro del genio creativo umano\u201d: <\/em>Il sito include testimonianze di incomparabile valore artistico prodotte durante tre millenni di storia: monumenti antichi (come ad esempio il Colosseo, i complessi dei fori repubblicani e imperiali, il Pantheon), fortificazioni (come ad esempio le mura urbane e Castel Sant\u2019Angelo), lo sviluppo urbanistico dal Rinascimento, al Barocco fino ai tempi moderni (come ad esempio Piazza Navona e il \u201ctridente\u201d voluto da Sisto V (1585-1590) che include Piazza del Popolo e piazza di Spagna), edifici religiosi e civili con sontuose decorazioni pittoriche, architettoniche e statuarie ( come ad esempio il Campidoglio, Palazzo fernese, il Palazzo del Quirinale, l\u2019Ara Pacis, le basiliche di San Giovanni in Laterano, \u00a0Santa Maria Maggiore, San paolo fuori le Mura), tutte realizzate dagli artisti pi\u00f9 famosi di tutti i tempi<\/p>\n<p><strong>Criterio (ii) <\/strong><em>\u201cHanno esercitato un\u2019influenza notevole, in uno periodo specifico o in un\u2019area culturale determinata, sullo sviluppo dell\u2019architettura, delle arti monumentali e della creazione del paesaggio\u201d<\/em><\/p>\n<p>Nei secoli, le opere d\u2019arte trovate a Roma hanno avuto un\u2019influenza decisiva nello sviluppo della pianificazione urbanistica, dell\u2019architettura, della tecnologia e dell\u2019arte nel mondo.<\/p>\n<p>Le opere d\u2019et\u00e0 romana hanno rappresentato un modello universale non solo nell\u2019antichit\u00e0 ma anche durante il Rinascimento, il Barocco e il periodo Neoclassico. In particolare il Barocco \u00e8 nato a Roma e da l\u00ec si \u00e8 diffuso in tutta Europa.<\/p>\n<p><strong>Criterio (iii) <\/strong><em>\u201cCostituiscono una testimonianza unica o eccezionale di una civilt\u00e0 scomparsa\u201d<\/em><\/p>\n<p>Il valore dei siti archeologici di Roma \u00e8 universalmente riconosciuto. Roma ha mantenuto uno straordinario numero di resti monumentali antichi ancora visibili e in un eccellente stato di conservazione. Questi rappresentano una testimonianza unica dei diversi periodi di sviluppo dell\u2019arte, dell\u2019architettura e della pianificazione urbana ed hanno caratterizzato oltre un millennio di storia.<\/p>\n<p><strong>Criterio (iv) <\/strong><em>\u201cOffrono un considerevole esempio di un tipo di costruzione, di complesso architettonico o di paesaggio che rappresenti la testimonianza di un importante periodo della storia umana\u201d:<\/em><\/p>\n<p>Il centro storico di Roma testimonia una sequenza ininterrotta di tre millenni di storia. La specifica caratteristica del sito \u00e8 la stratificazione dei linguaggi architettonici, l\u2019ampio range di tipologie di edifici, e l\u2019originale sviluppo urbano, armoniosamente integrati nella complessa morfologia della citt\u00e0.<\/p>\n<p>Degni di menzione sono: edifici civili, come i fori, le terme, le mura urbane, i palazzi; edifici religiosi, come le antiche basiliche di Santa Maria Maggiore e San Giovanni e San Paolo fuori le mura oltre alle chiese barocche; il sistema idrico (fognature, acquedotti, fontane rinascimentali e barocche e i muraglioni novecenteschi lungo il corso del Tevere). Questa complessa diversit\u00e0 di stili crea un insieme unico che continua ad evolvere nel tempo.<\/p>\n<p><strong>Criterio (vi) <\/strong><em>\u201cSono associati a tradizioni, eventi, idee, credenze o opere letterarie\u201d:<\/em><\/p>\n<p>Per oltre 2000 anni Roma \u00e8 stata allo stesso tempo una capitale secolare e religiosa. Come centro dell\u2019impero romano, che ha esteso il suo potere sul mondo allora conosciuto, la citt\u00e0 \u00e8 stata il cuore di una civilizzazione che ha prodotto le sue pi\u00f9 alte espressioni in ambito giuridico, letterario e linguistico, e resta la base della cultura occidentale. Roma \u00e8 stata anche direttamente associata alla storia del cristianesimo fin dalle sue origini. La citt\u00e0 eterna \u00e8 stata ed \u00e8 un simbolo e una meta di pellegrinaggio grazie alle tombe degli apostoli e dei santi martiri e alla presenza del papa.<\/p>\n<p>&nbsp;<\/p>\n<p style=\"text-align: center;\">\u00a0 \u00a0 \u00a0 \u00a0 \u00a0 \u00a0 \u00a0<iframe loading=\"lazy\" title=\"YouTube video player\" src=\"https:\/\/www.youtube.com\/embed\/_K5Jy6PcRXs\" width=\"640\" height=\"480\" frameborder=\"0\" allowfullscreen=\"allowfullscreen\"><\/iframe><\/p>\n<p>&nbsp;<\/p>\n<p><strong>Descrizione del sito:<\/strong><\/p>\n<p style=\"margin: 0cm; margin-bottom: .0001pt; text-align: justify; background: white;\">Roma, <span style=\"color: #212121;\"><strong>Caput Mundi<\/strong>, \u00e8 la citt\u00e0 pi\u00f9 conosciuta al mondo. Fondata secondo la leggenda nel 753 a.C. dai gemelli Romolo e Remo sulle rive del Tevere, Roma fu centro di uno dei pi\u00f9 grandi imperi dell\u2019antichit\u00e0 e poi cuore della spiritualit\u00e0 cristiana.<\/span><\/p>\n<p style=\"margin: 0cm; margin-bottom: .0001pt; text-align: justify; background: white;\"><span style=\"color: #212121;\">Il sito racchiude una serie di strutture di impareggiabile valore artistico, edificate nell\u2019arco di quasi tre millenni di storia: monumenti dell\u2019antichit\u00e0 oggi simbolo della citt\u00e0 (quali il Colosseo, il Pantheon e i Fori Imperiali), fortificazioni sviluppate nei secoli, progetti urbanistici del Rinascimento e dell\u2019et\u00e0 barocca, edifici civili e religiosi, sculture e dipinti.<\/span><\/p>\n<p style=\"margin: 0cm; margin-bottom: .0001pt; text-align: justify; background: white;\"><span style=\"color: #212121;\">Nel corso dei secoli le opere romane hanno influenzato l\u2019architettura, la pittura e la scultura in tutti i territori conosciuti del mondo antico, e in epoche successive sono state prese a modello nell\u2019arte rinascimentale, barocca e neoclassica diffusa in tutto il mondo occidentale.<\/span><\/p>\n<p style=\"margin: 0cm; margin-bottom: .0001pt; text-align: justify; background: white;\"><span style=\"color: #212121;\">Roma rappresenta un esempio unico della successione delle diverse epoche della civilt\u00e0 occidentale poich\u00e9 racchiude aree di periodi storici diversi innestate l\u2019una all\u2019altra all\u2019interno di un tessuto urbano unitario. Questa complessa e chiara diversit\u00e0 di stili, che sovrappone differenti linguaggi architettonici, si fonde in un paesaggio urbano uniforme e dona al sito un\u2019immagine fortemente caratteristica.<\/span><\/p>\n<p style=\"margin: 0cm; margin-bottom: .0001pt; text-align: justify; background: white;\"><span style=\"color: #212121;\">Per tale particolarit\u00e0, Sigmund Freud paragon\u00f2 la citt\u00e0 di Roma alla struttura della psiche umana, in cui \u201c<em>nulla di ci\u00f2 che un tempo ha acquistato esistenza \u00e8 scomparso<\/em>\u201d.<\/span><\/p>\n<p>&nbsp;<\/p>\n<p style=\"margin: 0cm; margin-bottom: .0001pt; text-align: justify; background: white;\"><span style=\"color: #212121;\">Roma che considera una priorit\u00e0 preservare il suo straordinario patrimonio culturale e assicurare l\u2019effettiva protezione della sua autenticit\u00e0, rimane tuttora un centro estremamente vivace per incontri e scambi in quanto ha una vita culturale, sociale ed economica molto ricca, ed \u00e8 una destinazione di primo piano per i pellegrini e i turisti.<\/span><\/p>\n<p style=\"margin: 0cm; margin-bottom: .0001pt; text-align: justify; background: white;\"><span style=\"color: #212121;\">\u00a0<\/span><\/p>\n<p>&nbsp;<\/p>\n<p style=\"margin: 0cm; margin-bottom: .0001pt; text-align: justify; background: white;\"><span style=\"color: #212121;\"><span style=\"font-family: 'arial black', sans-serif;\"><strong><a href=\"http:\/\/lazio.cultura.gov.it\/wp-content\/uploads\/2022\/05\/MAP-B-oct2015-1_compressed.pdf\">Centro Storico di Roma &#8211; Core Zone<\/a><\/strong><\/span>\u00a0<\/span><\/p>\n<p style=\"margin: 0cm; margin-bottom: .0001pt; text-align: justify; background: white;\">\n","protected":false},"excerpt":{"rendered":"<p>&nbsp; UNESCO: Il Sito \u201cCentro Storico di Roma\u201d, compreso all\u2019interno delle Mura Aureliane, \u00e8 stato iscritto nella Lista del Patrimonio Mondiale dal Comitato del Patrimonio Mondiale [&hellip;]<\/p>\n","protected":false},"author":4,"featured_media":0,"parent":0,"menu_order":0,"comment_status":"closed","ping_status":"closed","template":"","meta":{"footnotes":""},"class_list":["post-5701","page","type-page","status-publish","hentry"],"_links":{"self":[{"href":"https:\/\/lazio.cultura.gov.it\/index.php?rest_route=\/wp\/v2\/pages\/5701"}],"collection":[{"href":"https:\/\/lazio.cultura.gov.it\/index.php?rest_route=\/wp\/v2\/pages"}],"about":[{"href":"https:\/\/lazio.cultura.gov.it\/index.php?rest_route=\/wp\/v2\/types\/page"}],"author":[{"embeddable":true,"href":"https:\/\/lazio.cultura.gov.it\/index.php?rest_route=\/wp\/v2\/users\/4"}],"replies":[{"embeddable":true,"href":"https:\/\/lazio.cultura.gov.it\/index.php?rest_route=%2Fwp%2Fv2%2Fcomments&post=5701"}],"version-history":[{"count":0,"href":"https:\/\/lazio.cultura.gov.it\/index.php?rest_route=\/wp\/v2\/pages\/5701\/revisions"}],"wp:attachment":[{"href":"https:\/\/lazio.cultura.gov.it\/index.php?rest_route=%2Fwp%2Fv2%2Fmedia&parent=5701"}],"curies":[{"name":"wp","href":"https:\/\/api.w.org\/{rel}","templated":true}]}}